{"id":53,"date":"2014-11-21T13:02:20","date_gmt":"2014-11-21T13:02:20","guid":{"rendered":"http:\/\/themes.muffingroup.com\/be\/medic\/?page_id=2"},"modified":"2024-11-01T15:35:02","modified_gmt":"2024-11-01T15:35:02","slug":"bursa-elektrostatik-toz-boyama","status":"publish","type":"page","link":"https:\/\/ebsboya.com\/v5\/","title":{"rendered":"Elektrostatik Toz Boyama"},"content":{"rendered":"<h2>Elektrostatik Toz Boyama<\/h2>\n<p><img decoding=\"async\" src=\"https:\/\/ebsboya.com\/v5\/wp-content\/uploads\/2020\/11\/Otomotiv.png\" alt=\"Otomotiv\" \/><\/p>\n<h4>Otomotiv<\/h4>\n<p>\u0130\u00e7 metal aksam\u0131, jant boyalar\u0131, \u015fase par\u00e7alar\u0131, yak\u0131t tank\u0131, koltuk aksam\u0131, silecek, amortis\u00f6r yay\u0131 boyanmas\u0131nda toz boya<br \/>\n<img decoding=\"async\" src=\"https:\/\/ebsboya.com\/v5\/wp-content\/uploads\/2020\/11\/Beyaz-Esya.png\" alt=\"Beyaz-Esya\" \/><\/p>\n<h4>Beyaz E\u015fya<\/h4>\n<p>Buzdolab\u0131, derin dondurucu, \u00e7ama\u015f\u0131r makinesi, kurutma makinas\u0131, bula\u015f\u0131k makinesi, f\u0131r\u0131n par\u00e7alar\u0131, k\u00fc\u00e7\u00fck ev aletleri ve elektrikli ev aletlerinde elektrostatik toz boyama<br \/>\n<img decoding=\"async\" src=\"https:\/\/ebsboya.com\/v5\/wp-content\/uploads\/2020\/11\/Mobilya.png\" alt=\"Mobilya\" \/><\/p>\n<h4>Mobilya<\/h4>\n<p>Mobilya ve aksesuarlar\u0131n\u0131n renk \u00e7e\u015fitlili\u011finde, \u00e7izilme direnci y\u00fcksek, estetik g\u00f6r\u00fcn\u00fcml\u00fc, d\u0131\u015f ortam ko\u015fullar\u0131na uygun, UV \u0131\u015f\u0131nlar\u0131na dayan\u0131kl\u0131, mat, yar\u0131 mat, parlak versiyonlarda elektrostatik toz boyama<br \/>\n<img decoding=\"async\" src=\"https:\/\/ebsboya.com\/v5\/wp-content\/uploads\/2020\/11\/Aydinlatma.png\" alt=\"Aydinlatma\" \/><\/p>\n<h4>Ayd\u0131nlatma<\/h4>\n<p>Ayd\u0131nlanma ekipmanlar\u0131, plastik  ve metal y\u00fczeylere estetik g\u00f6r\u00fcn\u00fcml\u00fc, d\u0131\u015f ortam ko\u015fullar\u0131na uygun, UV \u0131\u015f\u0131nlar\u0131na dayan\u0131kl\u0131, mat, yar\u0131 mat, parlak mimari ve tasar\u0131m unsurlar\u0131n\u0131n eklenmesi ile ortaya \u00e7\u0131kan boya \u00e7e\u015fitlili\u011fi ihtiyac\u0131na g\u00f6re elektrostatik toz boyama<br \/>\n<img decoding=\"async\" src=\"https:\/\/ebsboya.com\/v5\/wp-content\/uploads\/2020\/11\/Soba.png\" alt=\"Soba\" \/><\/p>\n<h4>Soba<\/h4>\n<p>Is\u0131nma sekt\u00f6r\u00fcn\u00fcn gerekliliklerine uygun olarak elektrostatik toz boyama<\/p>\n<h2>E.B.S. Boya Sanayi <\/h2>\n<p>1998 y\u0131l\u0131nda kurulmu\u015f olup, Otosansit b\u00f6lgesi Bursa&#8217;da hizmet vermektedir.<br \/>\nKonvey\u00f6rl\u00fc Sistemde Elektrostatik Toz Boya i\u015flemleri yapmaktad\u0131r.<\/p>\n<p>Kaliteli, Uygun Fiyat ve tam zaman\u0131nda teslimat ilkeleri do\u011frultusunda ba\u015flad\u0131\u011f\u0131m\u0131z yolculukta, 22 y\u0131lda bir\u00e7ok oto yan sanayi ve ihracat\u00e7\u0131 firmalar ile \u00e7al\u0131\u015farak i\u015fletmemizi s\u00fcrekli geli\u015ftirdik.<\/p>\n<p>Tesisimize ilave etti\u011fimiz 200x250x650cm \u00f6l\u00e7\u00fclerindeki Kutu F\u0131r\u0131n\u0131m\u0131z ile B\u00fcy\u00fck ebat ve a\u011f\u0131rl\u0131klardaki bir\u00e7ok \u00fcr\u00fcn i\u00e7in hizmet vermekteyiz. <\/p>\n<p>M\u00fc\u015fteri Memnuniyetini esas alarak, tam zaman\u0131nda ve istenildi\u011fi \u015fekilde teslimatlar ger\u00e7ekle\u015ftirerek, g\u00fcncel teknolojiyi i\u015fletmemize uyarlayarak yolumuza devam etmekteyiz.<\/p>\n<h4>\u00c7al\u0131\u015fma Saatleri<\/h4>\n<p>Pazartesi &#8211; Cuma0800 &#8211; 1800<br \/>\nCumartesi0800 &#8211; 1600<\/p>\n<h3>\u0130leti\u015fim<\/h3>\n<p>Otosansit Sanayi Sitesi<br \/>\n40. Blok No: 134 &#8211; 136<a href=\"tel:+905326977859\">+90 532 697 78 59<\/a><a href=\"tel:+905337738828\">+90 533 773 88 28<\/a><a href=\"mailto:info@ebsboya.com\">info@ebsboya.com<\/a><a target=\"_blank\" href=\"http:\/\/www.ebsboya.com\" rel=\"noopener\">www.ebsboya.com<\/a><\/p>\n<h2>\u00c7al\u0131\u015fma Alanlar\u0131m\u0131z<\/h2>\n<p>Otomatik Kap\u0131, Kabin ve Aksamlar\u0131<br \/>\nOtomatik Kap\u0131 ve Kepenk Sistemleri<br \/>\n\u00c7e\u015fitli Ebatlarda Bayrak Direkleri<br \/>\nMakine ve Aksamlar\u0131<br \/>\nOturma Gruplar\u0131 Metal Aksamlar\u0131<br \/>\nMetal Pano, Metal Stand ve Aksamlar\u0131<br \/>\nD\u0131\u015f ve \u0130\u00e7 Giydirmeleri<br \/>\nTabela \u00dcr\u00fcnleri<br \/>\nFerforje, \u00c7elik Kap\u0131, Jumbo ve Korkuluklar<br \/>\nProfil, K\u00f6\u015febent<br \/>\n\u0130n\u015faat Sistemleri<br \/>\nMetal Ta\u015f\u0131ma Kasalar\u0131<br \/>\nYap\u0131 Elemanlar\u0131<\/p>\n<h2>\u0130leti\u015fim Formu<\/h2>\n<p>Bu formu eksiksiz doldurarak bize iletin, ihtiyac\u0131n\u0131za olan hizmetler i\u00e7in sizinle en k\u0131sa s\u00fcrede ileti\u015fime ge\u00e7elim.<\/p>\n<p>Company<\/p>\n<p>\tAd\u0131n\u0131z: *<\/p>\n<p>\tSoyad\u0131n\u0131z:<\/p>\n<p>\tE-mail Adresiniz:<\/p>\n<p>\tTelefon Numaran\u0131z: *<\/p>\n<p>\tKonu:<\/p>\n<p>\tMesaj\u0131n\u0131z: *<\/p>\n<p><a href=\"https:\/\/ebsboya.com\/v5\/tag\/yildirim-toz-boyaci\/\">Y\u0131ld\u0131r\u0131m Toz Boyac\u0131<\/a><a href=\"https:\/\/ebsboya.com\/v5\/tag\/yildirim-statik-boyama\/\">Y\u0131ld\u0131r\u0131m Statik Boyama<\/a><a href=\"https:\/\/ebsboya.com\/v5\/tag\/yildirim-boyaci\/\">Y\u0131ld\u0131r\u0131m Boyac\u0131<\/a><a href=\"https:\/\/ebsboya.com\/v5\/tag\/toz-boya\/\">Toz Boya<\/a><a href=\"https:\/\/ebsboya.com\/v5\/tag\/statik-boya\/\">Statik Boya<\/a><a href=\"https:\/\/ebsboya.com\/v5\/tag\/soba-boyama\/\">Soba Boyama<\/a><a href=\"https:\/\/ebsboya.com\/v5\/tag\/sehpa-boyama\/\">Sehpa Boyama<\/a><a href=\"https:\/\/ebsboya.com\/v5\/tag\/sehpa-ayagi-boyama\/\">Sehpa Aya\u011f\u0131 Boyama<\/a><a href=\"https:\/\/ebsboya.com\/v5\/tag\/sandalye-boyama\/\">Sandalye Boyama<\/a><a href=\"https:\/\/ebsboya.com\/v5\/tag\/sandalye-ayagi-boyama\/\">Sandalye Aya\u011f\u0131 Boyama<\/a><a href=\"https:\/\/ebsboya.com\/v5\/tag\/petek-boyama\/\">Petek Boyama<\/a><a href=\"https:\/\/ebsboya.com\/v5\/tag\/otosansit-statik-boyama\/\">Otosansit Statik Boyama<\/a><a href=\"https:\/\/ebsboya.com\/v5\/tag\/otomotiv-boyama\/\">Otomotiv Boyama<\/a><a href=\"https:\/\/ebsboya.com\/v5\/tag\/ofis-mobilyalari-boyama\/\">Ofis Mobilyalar\u0131 Boyama<\/a><a href=\"https:\/\/ebsboya.com\/v5\/tag\/metal-boyama\/\">Metal Boyama<\/a><a href=\"https:\/\/ebsboya.com\/v5\/tag\/masa-ayagi-boyama\/\">Masa Aya\u011f\u0131 Boyama<\/a><a href=\"https:\/\/ebsboya.com\/v5\/tag\/makine-parcalari-boyama\/\">Makine Par\u00e7alar\u0131 Boyama<\/a><a href=\"https:\/\/ebsboya.com\/v5\/tag\/makine-boyama\/\">Makine Boyama<\/a><a href=\"https:\/\/ebsboya.com\/v5\/tag\/makina-parcalari-boyama\/\">Makina Par\u00e7alar\u0131 Boyama<\/a><a href=\"https:\/\/ebsboya.com\/v5\/tag\/makina-boyama\/\">Makina Boyama<\/a><a href=\"https:\/\/ebsboya.com\/v5\/tag\/konveyorlu-tesis\/\">Konvey\u00f6rl\u00fc Tesis<\/a><a href=\"https:\/\/ebsboya.com\/v5\/tag\/kasa-boyama\/\">Kasa Boyama<\/a><a href=\"https:\/\/ebsboya.com\/v5\/tag\/jant-boyama\/\">Jant Boyama<\/a><a href=\"https:\/\/ebsboya.com\/v5\/tag\/her-renk-boyama\/\">Her Renk Boyama<\/a><a href=\"https:\/\/ebsboya.com\/v5\/tag\/firin-boya\/\">F\u0131r\u0131n Boya<\/a><a href=\"https:\/\/ebsboya.com\/v5\/tag\/ferforje-boyama\/\">Ferforje Boyama<\/a><a href=\"https:\/\/ebsboya.com\/v5\/tag\/elektrostatik-boya\/\">Elektrostatik Boya<\/a><a href=\"https:\/\/ebsboya.com\/v5\/tag\/dogalgaz-soba-boyama\/\">Do\u011falgaz Soba Boyama<\/a><a href=\"https:\/\/ebsboya.com\/v5\/tag\/demir-kapi-boyama\/\">Demir Kap\u0131 Boyama<\/a><a href=\"https:\/\/ebsboya.com\/v5\/tag\/dekoratif-urunler\/\">Dekoratif \u00dcr\u00fcnler<\/a><a href=\"https:\/\/ebsboya.com\/v5\/tag\/celik-kapi-boyama\/\">\u00c7elik Kap\u0131 Boyama<\/a><a href=\"https:\/\/ebsboya.com\/v5\/tag\/buyuk-malzeme-boyama\/\">B\u00fcy\u00fck Malzeme Boyama<\/a><a href=\"https:\/\/ebsboya.com\/v5\/tag\/buyuk-kutu-firin\/\">B\u00fcy\u00fck Kutu F\u0131r\u0131n<\/a><a href=\"https:\/\/ebsboya.com\/v5\/tag\/bursa-toz-boyama\/\">Bursa Toz Boyama<\/a><a href=\"https:\/\/ebsboya.com\/v5\/tag\/bursa-statik-boyama\/\">Bursa Statik Boyama<\/a><a href=\"https:\/\/ebsboya.com\/v5\/tag\/bursa-boyama\/\">Bursa Boyama<\/a><a href=\"https:\/\/ebsboya.com\/v5\/tag\/buro-mobilyalari-boyama\/\">B\u00fcro Mobilyalar\u0131 Boyama<\/a><\/p>\n","protected":false},"excerpt":{"rendered":"<p>Elektrostatik Toz Boyama Otomotiv \u0130\u00e7 metal aksam\u0131, jant boyalar\u0131, \u015fase par\u00e7alar\u0131, yak\u0131t tank\u0131, koltuk aksam\u0131, silecek, amortis\u00f6r yay\u0131 boyanmas\u0131nda toz boya Beyaz E\u015fya Buzdolab\u0131, derin dondurucu,<span class=\"excerpt-hellip\"> [\u2026]<\/span><\/p>\n","protected":false},"author":2,"featured_media":0,"parent":0,"menu_order":0,"comment_status":"open","ping_status":"open","template":"","meta":{"footnotes":""},"class_list":["post-53","page","type-page","status-publish","hentry"],"_links":{"self":[{"href":"https:\/\/ebsboya.com\/v5\/wp-json\/wp\/v2\/pages\/53","targetHints":{"allow":["GET"]}}],"collection":[{"href":"https:\/\/ebsboya.com\/v5\/wp-json\/wp\/v2\/pages"}],"about":[{"href":"https:\/\/ebsboya.com\/v5\/wp-json\/wp\/v2\/types\/page"}],"author":[{"embeddable":true,"href":"https:\/\/ebsboya.com\/v5\/wp-json\/wp\/v2\/users\/2"}],"replies":[{"embeddable":true,"href":"https:\/\/ebsboya.com\/v5\/wp-json\/wp\/v2\/comments?post=53"}],"version-history":[{"count":4,"href":"https:\/\/ebsboya.com\/v5\/wp-json\/wp\/v2\/pages\/53\/revisions"}],"predecessor-version":[{"id":163,"href":"https:\/\/ebsboya.com\/v5\/wp-json\/wp\/v2\/pages\/53\/revisions\/163"}],"wp:attachment":[{"href":"https:\/\/ebsboya.com\/v5\/wp-json\/wp\/v2\/media?parent=53"}],"curies":[{"name":"wp","href":"https:\/\/api.w.org\/{rel}","templated":true}]}}