{"id":80,"date":"2020-11-19T14:43:06","date_gmt":"2020-11-19T11:43:06","guid":{"rendered":"https:\/\/ebsboya.com\/v5\/?page_id=80"},"modified":"2020-12-03T15:12:42","modified_gmt":"2020-12-03T12:12:42","slug":"toz-boya-nedir","status":"publish","type":"page","link":"https:\/\/ebsboya.com\/v5\/toz-boya-nedir\/","title":{"rendered":"Toz Boya Nedir?"},"content":{"rendered":"\r\n<p><strong>Elektrostatik toz boyama<\/strong>\u00a0solvent i\u00e7ermeyen bir y\u00fczey kaplama metodudur.<\/p>\r\n\r\n\r\n\r\n<p>Kaplay\u0131c\u0131 malzeme, son kat boya tabakas\u0131n\u0131 olu\u015fturan \u00e7ok ince toz boya partik\u00fclleridir.\u00a0<strong>Toz boya<\/strong>, boya kabininde \u00f6zel boya tabancalar\u0131 vas\u0131tas\u0131yla at\u0131l\u0131r. Tabancadan ge\u00e7erken elektrostatik y\u00fcklenen toz boya partik\u00fclleri kabin i\u00e7inde boyanacak malzemeye yap\u0131\u015f\u0131r ve kaplama i\u015flemi ger\u00e7ekle\u015fmi\u015f olur.\u00a0<strong>Toz<\/strong>\u00a0boyan\u0131n malzeme y\u00fczeyine tam olarak yap\u0131\u015fabilmesi i\u00e7in malzemenin de \u00e7ok iyi bir \u015fekilde topraklanmas\u0131 gerekir.<\/p>\r\n\r\n\r\n\r\n<p>Fazla at\u0131lan\u00a0<strong>boya<\/strong>, kabinde bulunan boya geri kazan\u0131m sistemi sayesinde toplan\u0131r ve tekrar kullan\u0131ma sokulur. Boya geri kazan\u0131m sistemi elektrostatik toz boyama teknolojisinin en b\u00fcy\u00fck ekonomik avantajlar\u0131ndan biridir. Malzeme toz boya ile kapland\u0131ktan sonra pi\u015firme f\u0131r\u0131n\u0131na girer. 200\u02daC olan f\u0131r\u0131n \u0131s\u0131s\u0131 toz boyan\u0131n erimesini ve malzeme \u00fczerine yap\u0131\u015fmas\u0131n\u0131 sa\u011flar. Sonu\u00e7ta \u00e7ok dayan\u0131kl\u0131, ekonomik, \u00e7evre dostu, geni\u015f renk yelpazeli ve parlak bir y\u00fczey kaplamas\u0131 elde edilir. Solvent i\u00e7ermemesi, y\u00fczey kalitesi, dayan\u0131kl\u0131l\u0131\u011f\u0131, boya geri kazan\u0131m sistemi, ekonomikli\u011fi ve \u00e7evre duyarl\u0131l\u0131\u011f\u0131 elektrostatik toz boyamay\u0131 geleneksel boyama i\u015flemlerine g\u00f6re daha \u00e7ekici bir alternatif yapmaktad\u0131r.<\/p>\r\n<p>&nbsp;<\/p>\r\n","protected":false},"excerpt":{"rendered":"<p>Elektrostatik toz boyama\u00a0solvent i\u00e7ermeyen bir y\u00fczey kaplama metodudur. Kaplay\u0131c\u0131 malzeme, son kat boya tabakas\u0131n\u0131 olu\u015fturan \u00e7ok ince toz boya partik\u00fclleridir.\u00a0Toz boya, boya kabininde \u00f6zel boya tabancalar\u0131<span class=\"excerpt-hellip\"> [\u2026]<\/span><\/p>\n","protected":false},"author":2,"featured_media":0,"parent":0,"menu_order":0,"comment_status":"closed","ping_status":"closed","template":"","meta":{"footnotes":""},"class_list":["post-80","page","type-page","status-publish","hentry"],"_links":{"self":[{"href":"https:\/\/ebsboya.com\/v5\/wp-json\/wp\/v2\/pages\/80","targetHints":{"allow":["GET"]}}],"collection":[{"href":"https:\/\/ebsboya.com\/v5\/wp-json\/wp\/v2\/pages"}],"about":[{"href":"https:\/\/ebsboya.com\/v5\/wp-json\/wp\/v2\/types\/page"}],"author":[{"embeddable":true,"href":"https:\/\/ebsboya.com\/v5\/wp-json\/wp\/v2\/users\/2"}],"replies":[{"embeddable":true,"href":"https:\/\/ebsboya.com\/v5\/wp-json\/wp\/v2\/comments?post=80"}],"version-history":[{"count":2,"href":"https:\/\/ebsboya.com\/v5\/wp-json\/wp\/v2\/pages\/80\/revisions"}],"predecessor-version":[{"id":98,"href":"https:\/\/ebsboya.com\/v5\/wp-json\/wp\/v2\/pages\/80\/revisions\/98"}],"wp:attachment":[{"href":"https:\/\/ebsboya.com\/v5\/wp-json\/wp\/v2\/media?parent=80"}],"curies":[{"name":"wp","href":"https:\/\/api.w.org\/{rel}","templated":true}]}}